e prime factors of t.
2, 5
Let z(m) = m**3 + m**2 - m. Let g be z(-1). Let c(h) = 6*h + 1. What are the prime factors of c(g)?
7
Let y = 441 + -279. What are the prime factors of y?
2, 3
Let t(a) = -a**2 - 4*a - 1. Let s be t(-6). Let b = -15 + 7. Let r = b - s. List the prime factors of r.
5
Let r(k) = -13*k. Suppose -a = 5, s - 5*s + 11 = -3*a. Let b be r(s). Let f = -7 + b. What are the prime factors of f?
2, 3
Suppose 3*y = -3*d + 849, 3*d = y + 76 - 367. What are the prime factors of y?
3, 5, 19
Let z = -1 - -3. Suppose z = h - 2. Suppose 12 = h*u - 0. What are the prime factors of u?
3
Suppose 10 = -4*a - a. List the prime factors of ((-24)/(-10))/(a/(-20)).
2, 3
Let t(g) = 6*g - 3*g**2 + 5 + 3*g + 2*g**2 + 2*g. List the prime factors of t(10).
3, 5
Let d be (-63 + -1)/(2 + -3). Suppose 2*q + 2*q = d. Let l = q - 9. What are the prime factors of l?
7
Let d = 7 + -5. Let k(b) = -5*b**2 - b + 4*b**2 + 4 + d + 8*b. What are the prime factors of k(6)?
2, 3
Let y(s) = 4*s - 2. List the prime factors of y(3).
2, 5
List the prime factors of 43/1 - (1 - 3).
3, 5
What are the prime factors of (5/5)/1*33?
3, 11
Let z(x) = -6*x**3 - 10*x - 17. What are the prime factors of z(-3)?
5, 7
Let z(v) = 6*v + 7. Let p be z(6). Suppose l - s - p = 0, -6*s + 62 = 2*l - 2*s. What are the prime factors of l?
3, 13
Let a(p) = -2*p**2 - 5*p - 3. Let m(b) = b**2 + 3*b + 1. Let x(s) = -3*a(s) - 5*m(s). What are the prime factors of x(0)?
2
Let d(o) be the second derivative of o**3/6 + o. What are the prime factors of d(2)?
2
Let a(d) = -d**3 + 2*d - 1. Let j be a(1). Suppose 2*h - 5*q - 14 = 0, -h + j*q + 5*q = -12. What are the prime factors of -2 - ((1 - 17) + h)?
2, 3
Let g(d) = 0*d - 2*d - 2*d**2 + 5*d**2 - 1. Let p(i) = -i + 10. Let u be p(8). What are the prime factors of g(u)?
7
Suppose 5*z - 68 = -2*n + 3*z, -5*n - z + 174 = 0. What are the prime factors of (n + 1)/3 + 2?
2, 7
Let m(g) = g**2 + 9*g + 8. Let x be m(-7). What are the prime factors of ((-20)/x - 3)*21?
7
Let i(c) = 18*c**2 - c - 1. Let j be i(-1). Let b = j - 8. List the prime factors of b.
2, 5
Suppose -3*a = -62 - 130. Suppose 0 = 2*y - 0*b - 5*b - a, 3*y = -4*b + 50. Suppose -z - z + y = 0. What are the prime factors of z?
11
Suppose 3 - 5 = -f. Suppose -3*p - 3*o + 81 = 0, -3*o - f = p - 39. What are the prime factors of p?
2, 11
Let k(h) = h**2 - 4*h + 5. Suppose 2*t = -t + 12. Let b be k(t). Suppose -b*f + 15 + 0 = 0. List the prime factors of f.
3
Let t(w) = -w**3 - 7*w**2 + 10*w - 12. Let s be t(-9). Let o = -31 + s. List the prime factors of o.
29
Suppose -2*p = 2*v - 18, -4*p + 5 = -2*v - 1. Suppose -p*y + 118 = -30. What are the prime factors of y?
37
Let r(k) = -k**3 - 3*k**2 - k + 167. What are the prime factors of r(0)?
167
Let r be (-4)/(-6) + (-80)/(-15). Let y be 77/5 - r/(-10). Let p = y - 10. List the prime factors of p.
2, 3
Suppose 0 = u - 6*u. Suppose 5 = 4*q - 3. What are the prime factors of 9/1 - u - q?
7
Let b(g) = -3*g + 1. Let p be b(-1). Suppose 5*q = p*q + 24. List the prime factors of q.
2, 3
Let s(l) = -8*l - 9. What are the prime factors of s(-16)?
7, 17
Let m = 5 - 3. Let t = 103 + -70. Suppose 3*a = 3*d - t, -3*a + m = 3*d - 25. List the prime factors of d.
2, 5
Let u be (2/6)/((-4)/24). What are the prime factors of (-1)/(-2)*u - -12?
11
Let o = 269 - 117. What are the prime factors of o?
2, 19
Let s = -1 - -2. Let n be s - -2*(-1 - -2). Suppose n*q - 22 = -2*v + q, 4*q = -2*v + 14. What are the prime factors of v?
3, 5
Let c(h) = 3*h**2 - 9*h + 7. What are the prime factors of c(6)?
61
Suppose 29 = -2*u + 277. Suppose 5*j - u = -0*j - 4*r, -3*j + 104 = -5*r. What are the prime factors of j?
2, 7
Suppose -6 = -2*t - t. What are the prime factors of (2 - (t + -2))*1?
2
Suppose 106 = 4*s + 2*o, -4 + 14 = 2*o. What are the prime factors of (-1 - s)*(-6)/15?
2, 5
Let t be 1/(((-12)/(-9))/4). Suppose -t = g, -2*p + 5 = -4*p - 3*g. Suppose -5*i - p*b + 17 = 0, 8*i + 2*b - 12 = 4*i. List the prime factors of i.
5
Let f = 1 - -34. List the prime factors of f.
5, 7
Suppose -5 = -v - 0*v. Suppose 33 = v*o - 2*p, o = -o + 4*p + 26. Let y = o - -1. What are the prime factors of y?
2, 3
Let m be ((-4)/6)/(2/(-12)). Suppose 2*g = 26 + m. What are the prime factors of g?
3, 5
Let k = 6 - 2. Suppose y + 3*b - k = 11, -3*b - 21 = -y. List the prime factors of y.
2, 3
Suppose 3*t + 2*t - 15 = 0. Let b(h) = h + 3. Let z be b(t). What are the prime factors of 8/(-12) + 34/z?
5
Let p(j) = -1 + 0*j**3 + 2*j - 1 + 3 - j**3 - 3*j**2. List the prime factors of p(-4).
3
Let s(o) = 5*o - 5. Let k be s(4). Let d = 25 - k. What are the prime factors of d?
2, 5
Suppose -2*j + 14 = -a, 2*a + j + j + 22 = 0. Let w = -13 + 19. List the prime factors of (-4)/w - 140/a.
11
Let z = 10 + -15. Let h be 32/z - (-4)/10. List the prime factors of (2/h)/(4/(-24)).
2
Let o(x) = 16*x. Let y(l) = 95*l. Let i(b) = 35*o(b) - 6*y(b). List the prime factors of i(-1).
2, 5
Suppose 4 - 32 = -4*z. Let p(r) = -r**3 + 8*r**2 - 5*r. What are the prime factors of p(z)?
2, 7
Suppose 0 = -2*s - 2*i, -4*s - 4 = -3*s + 2*i. Suppose -s = 4*v - 12. Suppose -v*b + 20 - 8 = 0. List the prime factors of b.
2, 3
Let n(q) = -2*q**3 - 7*q + 3*q**3 - 4 + 2*q**2 + 2*q. Let p be n(-3). Suppose -5*s - 3*j + p*j + 43 = 0, 0 = -2*s + j + 13. List the prime factors of s.
2
Suppose 2*u = 6*u - 4*q - 576, -u + 4*q = -150. List the prime factors of u.
2, 71
Let y(s) = s**2 + 9. Let u be y(-7). Suppose -3*l + u = -l. What are the prime factors of l?
29
Let a(j) = -3*j - 8. Let f be 119/(-11) - (-2)/(-11). Let z = f - -5. List the prime factors of a(z).
2, 5
Suppose -4*u = 4*y - 6*y + 4, -4*y = -2*u - 14. List the prime factors of y/18 + (-582)/(-54).
11
Let p = -9 - -38. List the prime factors of p.
29
Suppose -5*g = -t - 6, -3*g - 4*t - 2 = t. Let k(u) = -u - 1. Let f(y) = -6*y - 3. Let i(a) = g*f(a) - 5*k(a). List the prime factors of i(0).
2
Let u = -153 - 55. List the prime factors of (-2)/3 + u/(-6).
2, 17
Suppose -9 = 5*w + 1. List the prime factors of (-28)/(-4) + (w - 1).
2
Let v = -6 - -14. Let c = 5 + v. Suppose 0 = -m - 3 + c. What are the prime factors of m?
2, 5
Let j = -6 - -27. What are the prime factors of (3 + (-21)/9)*j?
2, 7
Let a(m) = -m**3 + m**2. Let y be a(2). What are the prime factors of ((-28)/4 - -2)*y?
2, 5
Suppose 0*a - 2*a = 40. Let g = a + 38. List the prime factors of g.
2, 3
Suppose 2*b + 2*r = -0*r + 4, -5*b - 3*r + 12 = 0. List the prime factors of b.
3
Let h = 522 - 372. List the prime factors of h.
2, 3, 5
Let g = 21 - 18. Suppose -94 = -g*x - p + 1, 2*x - 3*p = 67. What are the prime factors of x?
2
Let v(w) = w**3 + 3*w**2 - 5*w - 6. Let q be v(-4). Suppose 11 = 2*d + 33. What are the prime factors of d/q*1*2?
11
Let t(m) = 2*m - 2. Let b be t(-2). Let p = b - -12. What are the prime factors of p + 1 + (2 - 1)?
2
Let s be ((-1)/2)/((-2)/12). Suppose 0 = s*j + 5*v - 14, -4*v + 24 = 3*j - v. List the prime factors of j.
13
Suppose 8 = -4*r + 28. Let c(x) = x**2 - 1. Let i(s) = 4*s**2 + 8*s - 7. Let t(m) = -5*c(m) + i(m). What are the prime factors of t(r)?
13
Let i = 68 + -40. What are the prime factors of i?
2, 7
Suppose -1415 + 4115 = 18*v. What are the prime factors of v?
2, 3, 5
Suppose 0 = -2*n + 5*n - c - 149, 3*n - 151 = -c. What are the prime factors of n?
2, 5
Let p be 30/(-4) + (-1)/2. Let l = -5 - p. Let o = 12 - l. What are the prime factors of o?
3
Suppose -2 + 7 = -x. Let o(m) = 2*m - 6. Let v be o(5). Let l = v - x. What are the prime factors of l?
3
Suppose 0 = -2*m + 79 + 41. Suppose 2*s + 3*d = 33, -7*s + 2*s + m = 3*d. List the prime factors of s.
3
Let k(d) = -d**3 - 9*d**2 - 9*d. Let o(b) = b + 6. Let a be o(-7). Let j be 2 + a - 18/2. What are the prime factors of k(j)?
2
Let h(m) = -20*m - 6. Let r be h(4). Let p be (-2)/((-9)/(-7) + -1). What are the prime factors of 10/(-35) + r/p?
2, 3
Let q(n) = -n**3 + 7*n**2 - 2*n + 3. Let d be q(6). Let w = 61 - d. What are the prime factors of w?
2, 17
Let s(y) = -y**3 - 6*y**2 + 4*y + 3. Let d be s(-6). Let j = d + 40. List the prime factors of j.
19
Let i be 1*(-1)/(4/(-32)). Suppose i*s - 92 = 4*s. List the prime factors of s.
23
Let f(q) = -10*q - 5. Let u(j) = 9*j + 5. Let d(y) = 5*f(y) + 6*u(y). List the prime factors of d(